 h = 27 - 24. Suppose 3*s - 7 = -h*z - z, 3*s = -5*z + 5. Suppose -4*a + 723 = s*k, 0 = -5*k + 3*a + 224 + 485. What is the hundreds digit of k?
1
Let v be (-1 + -39)*(162/(-8) + 0). Suppose v = 6*q + 9*q. What is the units digit of q?
4
Let r(t) = -4*t**3 + 9*t**2 - t + 2. Let q be r(2). Let w(m) = 97*m + 39. What is the tens digit of w(q)?
2
Suppose -5*y + 9*d = 4*d - 50, 0 = -2*y - 3*d + 30. Suppose -34 = 4*f + 5*w, 3*f - 3*w = -0*w - y. What is the units digit of (59 - -1)/(-4 - f)?
0
Suppose 1191 = -11*r + 5371. Let t be (24/(-9))/((-2)/150). Let b = r - t. What is the units digit of b?
0
Let k(m) = -25*m**2 - m - 3. Let x(h) = 0 - 6 + 4*h + 11 + 5 + 76*h**2. Let z(b) = -7*k(b) - 2*x(b). What is the tens digit of z(1)?
2
Suppose 4*d = -4*t + 84948, 5*t - 5*d + 21253 = 6*t. What is the tens digit of t?
3
Suppose 0 = -3*p + o + 9, -2*o = -50*p + 53*p - 27. Let n = 123 - 87. What is the units digit of (n - (-10)/p) + -5?
3
Let t(u) = 7*u**2 - u - 9. Let z(m) = 14*m**2 - 3*m - 18. Let g(x) = -11*t(x) + 6*z(x). Let c be g(3). What is the units digit of (-1)/4 + c/(-12) + 29?
6
What is the thousands digit of (4 + -1)*-1 - (-1514 - 2566)?
4
Let n = -469 + 860. What is the tens digit of -2 - (-5 - (n - -1))?
9
Suppose -35*t + 511755 - 303070 = -626835. What is the units digit of t?
2
Suppose -187*z - 38082 = -4*x - 185*z, -4*z + 38076 = 4*x. What is the tens digit of x?
2
Let a(j) = -3*j**2 - 2*j + 7. Let s(n) = -9*n**2 - 5*n + 21. Let y(o) = 11*a(o) - 4*s(o). Let b be y(-5). What is the tens digit of (b/(-15) - -4)*(-40)/3?
1
Suppose -93*d + 42*d = -694314. What is the thousands digit of d?
3
Let z be 10/(-6)*(6 + -9). Suppose i + 23 = z*d, d + 8 = -0*d - 4*i. Suppose 3*f + d*g = 24 + 453, -f = 2*g - 161. What is the tens digit of f?
5
Let d be (5/((-40)/52))/((-1)/(-2)). What is the tens digit of (3732/(-8))/((91/14)/d)?
3
Let l(j) = j**2 - 10*j + 23. Suppose a = 4*p + 22, -2*a + 4*p + 24 = -0. Let s be 54/4 - a/(-12)*-3. What is the units digit of l(s)?
2
Let t(r) = r + 2. Let o be t(-2). Let q(m) = -77*m + 399. Let v be q(3). Suppose -18*s + 20*s - v = o. What is the units digit of s?
4
Let b(h) = h**2 + 8*h - 50. Let w be b(4). Let x = w + 317. What is the units digit of x?
5
Let q(y) be the first derivative of y**3/3 - 6*y**2 + 3*y - 6. Let j be q(8). Let t = j - -58. What is the units digit of t?
9
Suppose 0 = d - 7*d - 306. Let o = 56 + d. Suppose 0 = -3*w + 4*i + 67, 4*i + 50 = -3*w + o*w. What is the tens digit of w?
1
Suppose 5*j + 44793 = 12*j. What is the hundreds digit of j?
3
Let w be (-503)/(-3) + (-60)/(-180). Let t be (2 + 0)*(-303)/6. Let o = t + w. What is the units digit of o?
7
Let n be (-57 - -39)/(-1 + (-370)/(-374)). Suppose -4*i - 197 - 158 = -p, 5*p = -3*i + n. What is the tens digit of p?
3
Let z(g) = -12 - 4*g + 3*g + 7 + 9 - 3*g**2 + 3*g**3 + 2. Suppose 4*d = -d + 10. What is the units digit of z(d)?
6
Let a(f) = -f**3 + 16*f**2 - 54*f + 11. Let k be a(7). Suppose o - k = -4*j, 0*o - o + j + 89 = 0. What is the tens digit of o?
8
Let i(t) = -2*t**2 - 3*t + 6. Let k be i(-2). Suppose 0 = -2*r + k*s + 1382, r + 3*s - 462 - 214 = 0. What is the tens digit of r?
8
Let n(i) = -20*i**3 + 25*i**2 + 9*i - 6. Let g be n(9). What is the units digit of (9 - 4/2)*g/(-91)?
0
Let i(a) = a**3 - 6*a**2 - 4*a - 3. Suppose 2*s + 21 = -119. Let y = -63 - s. What is the units digit of i(y)?
8
Let y be ((-2)/2)/(1*(-6 - -7)). Let t(l) be the second derivative of 29*l**4/4 - l**2/2 + 2*l. What is the tens digit of t(y)?
8
Let l be ((-112)/(-3))/((-36)/(-378)). Let g = l + -192. What is the tens digit of g?
0
Let t(n) = -n + 25. Let v be t(22). What is the tens digit of -22*((4 - v) + -2 - 0)?
2
Suppose 0 = -x, 11*i + 2*x = 15*i. Suppose -2044 = -4*m - i*z + 4*z, 4*m = -4*z + 2028. What is the hundreds digit of m?
5
Let r(j) be the third derivative of 13*j**5/30 + j**4/6 - 5*j**3/6 + 21*j**2. What is the tens digit of r(1)?
2
Let m(b) = 7*b - 1. Suppose -c - 4*d + 2 = 5, 3*d + 7 = -c. Let w be (1 + c)*(-1)/2. What is the units digit of m(w)?
2
Let n = -147 - -149. Suppose -z = -n*k + 2621, 2*z = 2*k - 5*k + 3921. What is the units digit of k?
9
Suppose 8*n + 2*z = 3*n + 10295, 5*z + 2032 = n. What is the tens digit of n?
5
Suppose -4*a + 2*v + 234 = 0, 3*a = 6*a - 4*v - 188. Let d be 2 + 12/(-4) - a. Let y = d - -137. What is the units digit of y?
0
Let k(o) = -11*o**3 - 9*o**2 - 14*o - 1. Suppose -2*r - 15 = 3*u, 7*r = 2*r - 3*u - 24. What is the hundreds digit of k(r)?
2
Let f(i) = -17*i**2 - 2*i - 2. Let l be f(-1). Let g = l - -19. Suppose -3*z - 43 = -g*p + 22, -3*p + 99 = -5*z. What is the units digit of p?
8
Let m = 984 + 35562. What is the hundreds digit of m?
5
Suppose 4*g - 59*w - 129296 = -56*w, -2*w + 161643 = 5*g. What is the hundreds digit of g?
3
Suppose b - 42 = 61. Suppose -k - 59 = -c + 33, 181 = -2*k + 5*c. Let n = b + k. What is the tens digit of n?
1
What is the hundreds digit of -52617*(-86)/129 + 8/2?
0
Let c = -17 - -17. Let i(r) = 3*r + 96. What is the units digit of i(c)?
6
Suppose -327*j = -186178 - 14794673. What is the tens digit of j?
1
Let n(m) be the second derivative of 16*m - 1/10*m**5 - 4/3*m**3 - 5/2*m**2 + 0 - 1/2*m**4. What is the units digit of n(-4)?
9
Let j(h) = h**3 - 2*h**2 + 3*h - 17. Let q be j(0). Let a(o) = 2*o**2 + 16*o - 12. What is the tens digit of a(q)?
9
What is the units digit of (-4)/(-78) - (-18908760)/6084?
8
Let n = -3079 - -21826. What is the hundreds digit of n?
7
Suppose -7*u + 3140 = 648. What is the hundreds digit of u*(-1 + 52/8)?
9
Suppose 2*b - 17 = -3. Let x(r) = -6*r**2 + 15*r - 6 - 6*r**2 + 2*r**3 + 3*r**2 - r**3. What is the units digit of x(b)?
1
Let v = -140 + 210. Let w = 298 + v. What is the hundreds digit of w?
3
Let z = -571 - -6244. What is the tens digit of z?
7
Let l(w) = -57*w**2 + 7*w - 3. Let m(p) = -85*p**2 + 10*p - 5. Let z(h) = 7*l(h) - 5*m(h). Let c be z(2). Suppose 0 = t - c - 104. What is the units digit of t?
0
Let v = -150163 - -243839. What is the units digit of v?
6
Suppose n + 0*n - 2*i - 7 = 0, -n - 1 = 2*i. Suppose n*f - 21 = 4*c + 9, 4*f - c = 40. What is the hundreds digit of 14/(-35) - (-1144)/f?
1
Let n = -8000 + 11707. What is the hundreds digit of n?
7
Let u be (-4 - 4) + 47 + -2. Suppose x + d = 365, 2*x - d + u = 752. What is the hundreds digit of x?
3
Suppose 3*h + 9 - 12 = 0. Suppose 0 = m - 2*m + h. What is the hundreds digit of -6 + 7 - (-101)/m?
1
Suppose 24*m - 23*m = 7. What is the hundreds digit of (577 + m)/1 + 2?
5
Let x(z) = -1522*z**3 - 2*z - 1. Let m be x(-1). What is the thousands digit of m*(-1)/(-7 - -6)?
1
What is the hundreds digit of (327306/8)/(45/110*(-220)/(-120))?
5
Let a be -1 + 8 + (-44)/22. What is the units digit of (-15)/(-3) + (-3)/3 + a?
9
Let c(p) = 160*p**3 + 3*p**2 + p + 27. What is the tens digit of c(5)?
0
Let m(u) = -13*u**2 - 87*u + 9. Let n be m(-7). Let g(f) = -11*f + 61. What is the units digit of g(n)?
0
Let s(y) = y**3 + 15*y**2 - 16*y - 21. Let g be s(-17). Let h = 38 - 39. What is the hundreds digit of -2*h/((-6)/g)?
1
Let r(o) = 34*o**2 + 12*o - 699. What is the hundreds digit of r(27)?
4
What is the thousands digit of (-88)/(-924) - 45797/(-42) - 4/8?
1
Let f be 30/285 + (-68890)/(-38). Suppose 3*c = -2*g + 5*g + 1071, 5*c - f = -2*g. What is the tens digit of c?
6
Suppose -5*d = 6*g - 3520 - 164729, -3*d + 3*g + 100890 = 0. What is the ten thousands digit of d?
3
Let z be (4/3)/(2/(-6)). Let b be (637 - (0 + 0 - -2)) + z. Let f = b - 344. What is the units digit of f?
7
Suppose -f = 3*f - f. Suppose f = -2*j - 0*b + 4*b - 6, -4*j - 2*b = 2. What is the units digit of (j + 4/(-20))/((-4)/30)?
9
Let u be 5*(-3 - (0 + 0)). Let c(b) = 3*b**2 - 12*b - 82. What is the hundreds digit of c(u)?
7
Suppose 0*z - 5*z - 4435 = -5*x, 2*z = -2*x - 1754. Let k = z - -1304. Suppose -2*j = -0*j - 4*l - 196, k = 4*j + 2*l. What is the tens digit of j?
0
Let t be 21478/14 + -2 + (-13)/(-7). Suppose 7*u - 3*u - 3*a - t = 0, -u - 2*a = -378. What is the tens digit of u?
8
Let j = -614 - -620. Suppose -330 = -j*z + 408. What is the hundreds digit of z?
1
Let o = 18736 + -10597. What is the thousands digit of o?
8
Suppose -1237*y - 28364 = -1244*y - 665. What is the hundreds digit of y?
9
Suppose -3*f + 4*g = -